{"id":54251,"date":"2023-12-20T11:42:50","date_gmt":"2023-12-20T10:42:50","guid":{"rendered":"https:\/\/www.mathydy.com\/us\/?post_type=product&#038;p=54251"},"modified":"2024-12-20T17:10:09","modified_gmt":"2024-12-20T16:10:09","slug":"colle-ardo-sow","status":"publish","type":"product","link":"https:\/\/www.mathydy.com\/us\/produit\/colle-ardo-sow\/","title":{"rendered":"Coll\u00e9 Ardo Sow"},"content":{"rendered":"","protected":false},"excerpt":{"rendered":"<p>[vc_row][vc_column][vc_tta_accordion c_position=\u00a0\u00bbright\u00a0\u00bb active_section=\u00a0\u00bb1&Prime;][vc_tta_section title=\u00a0\u00bbHistoire\u00a0\u00bb tab_id=\u00a0\u00bb1695211853429-aeebdfaa-ef9426a2-f07e\u00a0\u00bb][vc_column_text el_class=\u00a0\u00bbproduit\u00a0\u00bb]<span style=\"font-family: futuraptlight\">Coll\u00e9 Ardo Sow est une pionn\u00e8re de l\u2019industrie de la mode au Senegal. D\u2019abord mannequin jusqu\u2019en 1982,\u00a0\u00a0elle se lance dans la haute couture \u00e0 <a class=\"c-link\" href=\"https:\/\/fr.wikipedia.org\/wiki\/Dakar\" target=\"_blank\" rel=\"noopener noreferrer\" data-stringify-link=\"https:\/\/fr.wikipedia.org\/wiki\/Dakar\" data-sk=\"tooltip_parent\">Dakar<\/a>\u00a0en\u00a0<a class=\"c-link\" href=\"https:\/\/fr.wikipedia.org\/wiki\/1983\" target=\"_blank\" rel=\"noopener noreferrer\" data-stringify-link=\"https:\/\/fr.wikipedia.org\/wiki\/1983\" data-sk=\"tooltip_parent\">1983<\/a>. Elle est consid\u00e9r\u00e9 comme la reine de pagne tiss\u00e9 dont elle a popularis\u00e9 l\u2019usage aupr\u00e8s des cr\u00e9ateurs en Afrique et \u00e0 l\u2019international.<\/span>[\/vc_column_text][\/vc_tta_section][vc_tta_section title=\u00a0\u00bbD\u00e9tails produit\u00a0\u00bb tab_id=\u00a0\u00bb1695211953421-e6b9358e-bf3e26a2-f07e\u00a0\u00bb][vc_column_text el_class=\u00a0\u00bbproduit\u00a0\u00bb]<span style=\"font-family: futuraptlight\">Tissu 100% cuir.<\/span><\/p>\n<p><span style=\"font-family: futuraptlight\">Hauteur : 23cm<\/span><br \/>\n<span style=\"font-family: futuraptlight\">Largeur :31cm[\/vc_column_text][\/vc_tta_section][vc_tta_section title=\u00a0\u00bbLivraison\u00a0\u00bb tab_id=\u00a0\u00bb1695211927094-2f5841eb-a1b526a2-f07e\u00a0\u00bb][vc_column_text el_class=\u00a0\u00bbproduit\u00a0\u00bb]Livraison disponible o\u00f9 que vous soyez. Paiement par carte bancaire, mobile money ou en esp\u00e8ces \u00e0 la livraison disponible. Aucun retour, changement de pi\u00e8ce ou remboursement n\u2019est possible apr\u00e8s livraison et r\u00e9ception. Le sac n\u2019est soumis aucune garantie en cas d\u2019usure ou de dommage accidentel ou volontaire.[\/vc_column_text][\/vc_tta_section][\/vc_tta_accordion][\/vc_column][\/vc_row]<\/span><\/p>\n","protected":false},"featured_media":100000056586,"template":"","meta":[],"product_cat":[186,97,101,100],"product_tag":[],"class_list":{"0":"post-54251","1":"product","2":"type-product","3":"status-publish","4":"has-post-thumbnail","6":"product_cat-icones","7":"product_cat-collection-sac","8":"product_cat-home-sacs","9":"product_cat-sac-a-mains","12":"outofstock","13":"taxable","14":"shipping-taxable","15":"purchasable","16":"product-type-simple"},"_links":{"self":[{"href":"https:\/\/www.mathydy.com\/us\/wp-json\/wp\/v2\/product\/54251"}],"collection":[{"href":"https:\/\/www.mathydy.com\/us\/wp-json\/wp\/v2\/product"}],"about":[{"href":"https:\/\/www.mathydy.com\/us\/wp-json\/wp\/v2\/types\/product"}],"wp:featuredmedia":[{"embeddable":true,"href":"https:\/\/www.mathydy.com\/us\/wp-json\/"}],"wp:attachment":[{"href":"https:\/\/www.mathydy.com\/us\/wp-json\/wp\/v2\/media?parent=54251"}],"wp:term":[{"taxonomy":"product_cat","embeddable":true,"href":"https:\/\/www.mathydy.com\/us\/wp-json\/wp\/v2\/product_cat?post=54251"},{"taxonomy":"product_tag","embeddable":true,"href":"https:\/\/www.mathydy.com\/us\/wp-json\/wp\/v2\/product_tag?post=54251"}],"curies":[{"name":"wp","href":"https:\/\/api.w.org\/{rel}","templated":true}]}}

Collé Ardo Sow

<p>[vc_row][vc_column][vc_tta_accordion c_position= »right » active_section= »1&Prime;][vc_tta_section title= »Histoire » tab_id= »1695211853429-aeebdfaa-ef9426a2-f07e »][vc_column_text el_class= »produit »]<span style="font-family: futuraptlight">Collé Ardo Sow est une pionnère de l’industrie de la mode au Senegal. D’abord mannequin jusqu’en 1982,  elle se lance dans la haute couture à <a class="c-link" href="https://fr.wikipedia.org/wiki/Dakar" target="_blank" rel="noopener noreferrer" data-stringify-link="https://fr.wikipedia.org/wiki/Dakar" data-sk="tooltip_parent">Dakar</a> en <a class="c-link" href="https://fr.wikipedia.org/wiki/1983" target="_blank" rel="noopener noreferrer" data-stringify-link="https://fr.wikipedia.org/wiki/1983" data-sk="tooltip_parent">1983</a>. Elle est considéré comme la reine de pagne tissé dont elle a popularisé l’usage auprès des créateurs en Afrique et à l’international.</span>[/vc_column_text][/vc_tta_section][vc_tta_section title= »Détails produit » tab_id= »1695211953421-e6b9358e-bf3e26a2-f07e »][vc_column_text el_class= »produit »]<span style="font-family: futuraptlight">Tissu 100% cuir.</span></p>
<p><span style="font-family: futuraptlight">Hauteur : 23cm</span><br />
<span style="font-family: futuraptlight">Largeur :31cm[/vc_column_text][/vc_tta_section][vc_tta_section title= »Livraison » tab_id= »1695211927094-2f5841eb-a1b526a2-f07e »][vc_column_text el_class= »produit »]Livraison disponible où que vous soyez. Paiement par carte bancaire, mobile money ou en espèces à la livraison disponible. Aucun retour, changement de pièce ou remboursement n’est possible après livraison et réception. Le sac n’est soumis aucune garantie en cas d’usure ou de dommage accidentel ou volontaire.[/vc_column_text][/vc_tta_section][/vc_tta_accordion][/vc_column][/vc_row]</span></p>
