{"id":56138,"date":"2025-10-23T16:05:48","date_gmt":"2025-10-23T14:05:48","guid":{"rendered":"https:\/\/www.mathydy.com\/us\/produit\/nayanka-bell-deluxe\/"},"modified":"2026-04-30T12:58:43","modified_gmt":"2026-04-30T10:58:43","slug":"nayanka-bell-deluxee","status":"publish","type":"product","link":"https:\/\/www.mathydy.com\/us\/produit\/nayanka-bell-deluxee\/","title":{"rendered":"Nayanka Bell mini"},"content":{"rendered":"<p><\/p>\n","protected":false},"excerpt":{"rendered":"<p>[vc_row][vc_column][vc_tta_accordion c_position=\u00a0\u00bbright\u00a0\u00bb active_section=\u00a0\u00bb1&Prime;][vc_tta_section title=\u00a0\u00bbHistoire\u00a0\u00bb tab_id=\u00a0\u00bb1695211853429-aeebdfaa-ef9426a2-f07e\u00a0\u00bb][vc_column_text el_class=\u00a0\u00bbproduit\u00a0\u00bb]<span style=\"font-family: futuraptlight\">Nayanka Bell, Louise de Marillac de son vrai nom, est une chanteuse, auteure, compositrice de musique. Reine de beaut\u00e9 et ic\u00f4ne de la musique ivoirienne dans les ann\u00e9es 1980 et 1990, elle reste aujourd\u2019hui l\u2019une des plus belles voix que le continent africain est connu sur la sc\u00e8ne musicale.<\/span>[\/vc_column_text][\/vc_tta_section][vc_tta_section title=\u00a0\u00bbD\u00e9tails produit\u00a0\u00bb tab_id=\u00a0\u00bb1695211953421-e6b9358e-bf3e26a2-f07e\u00a0\u00bb][vc_column_text el_class=\u00a0\u00bbproduit\u00a0\u00bb]<span style=\"font-family: futuraptlight\">Tissu 100% cuir<\/span><\/p>\n<p><span style=\"font-family: futuraptlight\">Hauteur : 20cm<\/span><br \/>\n<span style=\"font-family: futuraptlight\">Largeur :28cm[\/vc_column_text][\/vc_tta_section][vc_tta_section title=\u00a0\u00bbLivraison\u00a0\u00bb tab_id=\u00a0\u00bb1695211927094-2f5841eb-a1b526a2-f07e\u00a0\u00bb][vc_column_text el_class=\u00a0\u00bbproduit\u00a0\u00bb]Livraison disponible o\u00f9 que vous soyez. Paiement par carte bancaire, mobile money ou en esp\u00e8ces \u00e0 la livraison disponible. Aucun retour, changement de pi\u00e8ce ou remboursement n\u2019est possible apr\u00e8s livraison et r\u00e9ception. Le sac n\u2019est soumis aucune garantie en cas d\u2019usure ou de dommage accidentel ou volontaire.[\/vc_column_text][\/vc_tta_section][\/vc_tta_accordion][\/vc_column][\/vc_row]<\/span><\/p>\n","protected":false},"featured_media":100000062151,"template":"","meta":[],"product_cat":[249,97,100],"product_tag":[],"class_list":{"0":"post-56138","1":"product","2":"type-product","3":"status-publish","4":"has-post-thumbnail","6":"product_cat-icones-deluxe","7":"product_cat-collection-sac","8":"product_cat-sac-a-mains","11":"instock","12":"taxable","13":"shipping-taxable","14":"purchasable","15":"product-type-simple"},"_links":{"self":[{"href":"https:\/\/www.mathydy.com\/us\/wp-json\/wp\/v2\/product\/56138"}],"collection":[{"href":"https:\/\/www.mathydy.com\/us\/wp-json\/wp\/v2\/product"}],"about":[{"href":"https:\/\/www.mathydy.com\/us\/wp-json\/wp\/v2\/types\/product"}],"wp:featuredmedia":[{"embeddable":true,"href":"https:\/\/www.mathydy.com\/us\/wp-json\/"}],"wp:attachment":[{"href":"https:\/\/www.mathydy.com\/us\/wp-json\/wp\/v2\/media?parent=56138"}],"wp:term":[{"taxonomy":"product_cat","embeddable":true,"href":"https:\/\/www.mathydy.com\/us\/wp-json\/wp\/v2\/product_cat?post=56138"},{"taxonomy":"product_tag","embeddable":true,"href":"https:\/\/www.mathydy.com\/us\/wp-json\/wp\/v2\/product_tag?post=56138"}],"curies":[{"name":"wp","href":"https:\/\/api.w.org\/{rel}","templated":true}]}}

<p>[vc_row][vc_column][vc_tta_accordion c_position= »right » active_section= »1&Prime;][vc_tta_section title= »Histoire » tab_id= »1695211853429-aeebdfaa-ef9426a2-f07e »][vc_column_text el_class= »produit »]<span style="font-family: futuraptlight">Nayanka Bell, Louise de Marillac de son vrai nom, est une chanteuse, auteure, compositrice de musique. Reine de beauté et icône de la musique ivoirienne dans les années 1980 et 1990, elle reste aujourd’hui l’une des plus belles voix que le continent africain est connu sur la scène musicale.</span>[/vc_column_text][/vc_tta_section][vc_tta_section title= »Détails produit » tab_id= »1695211953421-e6b9358e-bf3e26a2-f07e »][vc_column_text el_class= »produit »]<span style="font-family: futuraptlight">Tissu 100% cuir</span></p>
<p><span style="font-family: futuraptlight">Hauteur : 20cm</span><br />
<span style="font-family: futuraptlight">Largeur :28cm[/vc_column_text][/vc_tta_section][vc_tta_section title= »Livraison » tab_id= »1695211927094-2f5841eb-a1b526a2-f07e »][vc_column_text el_class= »produit »]Livraison disponible où que vous soyez. Paiement par carte bancaire, mobile money ou en espèces à la livraison disponible. Aucun retour, changement de pièce ou remboursement n’est possible après livraison et réception. Le sac n’est soumis aucune garantie en cas d’usure ou de dommage accidentel ou volontaire.[/vc_column_text][/vc_tta_section][/vc_tta_accordion][/vc_column][/vc_row]</span></p>
